{"id":1328,"date":"2022-12-02T09:38:09","date_gmt":"2022-12-02T09:38:09","guid":{"rendered":"https:\/\/demografia.com.pl\/demografia\/?page_id=1328"},"modified":"2022-12-02T10:07:03","modified_gmt":"2022-12-02T10:07:03","slug":"teksty-deprawacyjne-i-demoniczne","status":"publish","type":"page","link":"https:\/\/demografia.com.pl\/demografia\/teksty-deprawacyjne-i-demoniczne\/","title":{"rendered":"Teksty &#8211; deprawacyjne i demoniczne"},"content":{"rendered":"\n<div class=\"wp-block-columns is-layout-flex wp-container-core-columns-is-layout-9d6595d7 wp-block-columns-is-layout-flex\">\n<div class=\"wp-block-column is-layout-flow wp-block-column-is-layout-flow\" style=\"flex-basis:100%\">\n<p>Autor: Hubert Kacperski (pseudonim Ronnie Ferrari)<\/p>\n\n\n\n<div class=\"wp-block-columns is-layout-flex wp-container-core-columns-is-layout-9d6595d7 wp-block-columns-is-layout-flex\">\n<div class=\"wp-block-column is-layout-flow wp-block-column-is-layout-flow\">\n<p><strong>Ona by tak chcia\u0142a<\/strong><\/p>\n\n\n\n<p>Kurwa, na osiemnastk\u0119<br>Po nie wiem, po 10 shotach<br>Ta piosenka jest na prawd\u0119 kurwa przepot\u0119\u017cna i ma potencja\u0142<\/p>\n\n\n\n<p>Jestem na dworze sam&#8230;<br>Jestem na dworze sam, deszcz pada mi na g\u0142ow\u0119<br>Gibona w \u0142apie mam, a zgasi\u0107 go nie mog\u0119<br>Odchodz\u0119 w ciemny las, roz\u015bwietlam fonem drog\u0119<br>I widz\u0119 jedn\u0105 z dam, przy kt\u00f3rej trac\u0119 mow\u0119<br>I wracam i wracam i wracam se na chat\u0119<br>Zaparz\u0119 se herbat\u0119, nie kurwa \u017cadne latte<br>I puka i puka i puka kto\u015b do drzwi<br>I widz\u0119 pani\u0105, co skrad\u0142a serce mi<\/p>\n\n\n\n<p>Ona by tak chcia\u0142a by\u0107 tu ze mn\u0105<br>Kr\u0119ci\u0107 blanty, po czym liczy\u0107 bankroll<br>Ona by tak chcia\u0142a ta\u0144czy\u0107 ze mn\u0105<br>P\u00f3\u017an\u0105 noc\u0105, kiedy gwiazdy wzejd\u0105<\/p>\n\n\n\n<p>Ona by tak chcia\u0142a by\u0107 tu ze mn\u0105<br>Kr\u0119ci\u0107 blanty, po czym liczy\u0107 bankroll<br>Ona by tak chcia\u0142a ta\u0144czy\u0107 ze mn\u0105<br>P\u00f3\u017an\u0105 noc\u0105, kiedy gwiazdy wzejd\u0105<\/p>\n\n\n\n<p>Siada na kanapie i patrzy prosto w oczy<br>Ja patrz\u0119 jej na dup\u0119, bo po co\u015b przysz\u0142a w nocy<br>Widzi tam co\u015b we mnie, mo\u017ce ten napis z boku<br>\u017be napierdalamy we dnie, cho\u0107 wolimy po zmroku<br>P\u0142yniemy jak rakieta posypana mocna feta<br>Wiatr ci\u0105gle wieje w \u017cagle, a na horyzoncie Kreta<br>Kapitan tego statku, co prowadzi si\u0119 jak Beta<br>Podbija nowe l\u0105dy i podaje baty w przekaz<br>Pod pok\u0142adem mamy sk\u0142ady gazowanego nektaru<br>Kt\u00f3rym ludzie za Uralem leczyli siebie z udar\u00f3w<br>99 procent tyle ile mam problem\u00f3w<br>Ka\u017cdy znika po butelce, wtedy nikt nie trzyma steru<\/p>\n\n\n\n<p>Ona by tak chcia\u0142a by\u0107 tu ze mn\u0105<br>Kr\u0119ci\u0107 blanty, po czym liczy\u0107 bankroll<br>Ona by tak chcia\u0142a ta\u0144czy\u0107 ze mn\u0105<br>P\u00f3\u017an\u0105 noc\u0105, kiedy gwiazdy wzejd\u0105<\/p>\n\n\n\n<p>Ona by tak chcia\u0142a by\u0107 tu ze mn\u0105<br>Kr\u0119ci\u0107 blanty, po czym liczy\u0107 bankroll<br>Ona by tak chcia\u0142a ta\u0144czy\u0107 ze mn\u0105<br>P\u00f3\u017an\u0105 noc\u0105, kiedy gwiazdy wzejd\u0105<\/p>\n\n\n\n<p>Napierdalamy w Gda\u0144sku<br>Napierdalamy w Wawce<br>Napierdalamy w \u0141odzi<br>Napierdalamy zawsze<\/p>\n\n\n\n<p>Napierdalamy w Bia\u0142ym<br>Napierdalamy w W\u0142ocku<br>Napierdalamy w Stanach<br>Napierdalamy w P\u0142ocku<\/p>\n\n\n\n<p>Napierdalamy w Gda\u0144sku<br>Napierdalamy w Wawce<br>Napierdalamy w \u0141odzi<br>Napierdalamy zawsze<\/p>\n\n\n\n<p>Napierdalamy w Bia\u0142ym<br>Napierdalamy w W\u0142ocku<br>Napierdalamy w Stanach<br>Napierdalamy w P\u0142ocku<\/p>\n\n\n\n<p>Ona by tak chcia\u0142a by\u0107 tu ze mn\u0105<br>Kr\u0119ci\u0107 blanty, po czym liczy\u0107 bankroll<br>Ona by tak chcia\u0142a ta\u0144czy\u0107 ze mn\u0105<br>P\u00f3\u017an\u0105 noc\u0105, kiedy gwiazdy wzejd\u0105<\/p>\n\n\n\n<p>Ona by tak chcia\u0142a by\u0107 tu ze mn\u0105<br>Kr\u0119ci\u0107 blanty, po czym liczy\u0107 bankroll<br>Ona by tak chcia\u0142a ta\u0144czy\u0107 ze mn\u0105<br>P\u00f3\u017an\u0105 noc\u0105, kiedy gwiazdy wzejd\u0105<\/p>\n\n\n\n<p><\/p>\n\n\n\n<p><\/p>\n\n\n\n<p><\/p>\n\n\n\n<p><\/p>\n\n\n\n<p>\u0179r\u00f3d\u0142o: https:\/\/www.tekstowo.pl\/piosenka,ronnie_ferrari_,ona_by_tak_chciala_1.html<\/p>\n\n\n\n<p><\/p>\n<\/div>\n\n\n\n<div class=\"wp-block-column is-layout-flow wp-block-column-is-layout-flow\">\n<p><strong>Szatan<\/strong><\/p>\n\n\n\n<p>To jest Ferrari (Ferrari, Ferrari, Ferrari&#8230;)<\/p>\n\n\n\n<p>Dla mamy i dla brata<br>Dla taty i \u015bwiata (ej, ej)<br>Dla wszystkich ziomali<br>Co g\u0142owa im lata (ej, ej)<\/p>\n\n\n\n<p>Jak szatan, jak szatan (jak szatan)<br>Jak szatan (ej), jak szatan<br>Jak szatan, jak szatan (jak szatan)<br>Jak szatan (ej), jak szatan<\/p>\n\n\n\n<p>Dla mamy i dla brata<br>Dla taty i \u015bwiata (ej)<br>Dla wszystkich ziomali<br>Co g\u0142owa im lata (ej)<\/p>\n\n\n\n<p>Jak szatan, jak szatan (jak szatan)<br>Jak szatan (ej), jak szatan<br>Jak szatan, jak szatan (jak szatan)<br>Jak szatan (ej), jak szatan<\/p>\n\n\n\n<p>W chuj nie wyspany, ale \u015bwie\u017cy (my life this)<br>Producent taki, jak nale\u017cy (my life this)<br>Docieram z nadmorskich wybrze\u017cy (my life this)<br>\u017byj\u0119, by \u017cy\u0107, nie tylko prze\u017cy\u0107<br>Wi\u0119c s\u0142uchaj mnie tu<\/p>\n\n\n\n<p>Tu suka przy kolanie, tak budzony jestem z rana (ej)<br>U\u017cytkownik Ronnie do\u0142\u0105czy\u0142 do Telegrama (ej, ej)<br>Stale \u0142api\u0119 buchy, stale robi\u0119 to jak szaman<br>Moja szata pachnie Dior, a na nogach Balenciaga (ej, ej)<\/p>\n\n\n\n<p>Ja wiem, \u017ce ja i hip-hop si\u0119 troch\u0119 nie op\u0142aca<br>Ja jestem z bran\u017cy disco i pierdoli mnie kasa<br>Odda\u0142em muzie wszystko, bo po\u015bwi\u0119ci\u0142em lata<br>A co mi w muzie przysz\u0142o, to tylko ci\u0119\u017cka praca<\/p>\n\n\n\n<p>Dla mamy i dla brata<br>Dla taty i \u015bwiata (ej, ej)<br>Dla wszystkich ziomali<br>Co g\u0142owa im lata (ej, ej)<\/p>\n\n\n\n<p>Jak szatan, jak szatan (jak szatan)<br>Jak szatan (ej), jak szatan<br>Jak szatan, jak szatan (jak szatan)<br>Jak szatan (ej), jak szatan<\/p>\n\n\n\n<p>Dla mamy i dla brata<br>Dla taty i \u015bwiata (ej)<br>Dla wszystkich ziomali<br>Co g\u0142owa im lata (ej)<\/p>\n\n\n\n<p>Jak szatan, jak szatan (jak szatan)<br>Jak szatan (ej), jak szatan<br>Jak szatan, jak szatan (jak szatan)<br>Jak szatan (ej), jak szatan<\/p>\n\n\n\n<p>Zmieniam bity jak skarpety<br>Ameryki chcieli<br>Nie dostawali niestety (nie dostawali niestety)<br>Chc\u0119 pokaza\u0107 rzeczy<br>Z ka\u017cdym gryzem wzrasta m\u00f3j apetyt<\/p>\n\n\n\n<p>Mog\u0119 mie\u0107, mog\u0119 bra\u0107<br>Bo ju\u017c wiem, \u017ce to czas<\/p>\n\n\n\n<p>P\u00f3\u017aniej zdj\u0119cie<br>I zdj\u0119cie, i zdj\u0119cie jej da\u0107<\/p>\n\n\n\n<p>Po koncercie<br>Koncercie, koncercie j\u0105 bra\u0107<\/p>\n\n\n\n<p>Zegar tyka<br>Spokoju nie zaznam, by spa\u0107<\/p>\n\n\n\n<p>Oczy szeroko otwarte<br>Mo\u017ce przem\u0119czone<br>Ale stale trzymam gard\u0119<br>Pcham ten w\u00f3zek w Polsk\u0119<br>Pcham w nim swoj\u0105 wyobra\u017ani\u0119<br>Dumna ze mnie mama, tata<br>Widz\u0119 to wyra\u017anie<\/p>\n\n\n\n<p><\/p>\n\n\n\n<p><\/p>\n\n\n\n<p>\u0179r\u00f3d\u0142o: https:\/\/www.groove.pl\/ronnie-ferrari\/szatan\/piosenka\/1016079<\/p>\n<\/div>\n<\/div>\n<\/div>\n<\/div>\n<p>Views: 2<\/p>","protected":false},"excerpt":{"rendered":"<p>Autor: Hubert Kacperski (pseudonim Ronnie Ferrari) Ona by tak chcia\u0142a Kurwa, na osiemnastk\u0119Po nie wiem, po 10 shotachTa piosenka jest na prawd\u0119 kurwa przepot\u0119\u017cna i ma potencja\u0142 Jestem na dworze sam&#8230;Jestem na dworze sam, deszcz pada mi na g\u0142ow\u0119Gibona w \u0142apie mam, a zgasi\u0107 go nie mog\u0119Odchodz\u0119 w ciemny las, roz\u015bwietlam fonem drog\u0119I widz\u0119 jedn\u0105 &hellip; <\/p>\n<p class=\"link-more\"><a href=\"https:\/\/demografia.com.pl\/demografia\/teksty-deprawacyjne-i-demoniczne\/\" class=\"more-link\">Czytaj dalej<span class=\"screen-reader-text\"> \u201eTeksty &#8211; deprawacyjne i demoniczne\u201d<\/span><\/a><\/p>\n","protected":false},"author":1,"featured_media":0,"parent":0,"menu_order":0,"comment_status":"closed","ping_status":"closed","template":"","meta":{"footnotes":""},"class_list":["post-1328","page","type-page","status-publish","hentry"],"_links":{"self":[{"href":"https:\/\/demografia.com.pl\/demografia\/wp-json\/wp\/v2\/pages\/1328","targetHints":{"allow":["GET"]}}],"collection":[{"href":"https:\/\/demografia.com.pl\/demografia\/wp-json\/wp\/v2\/pages"}],"about":[{"href":"https:\/\/demografia.com.pl\/demografia\/wp-json\/wp\/v2\/types\/page"}],"author":[{"embeddable":true,"href":"https:\/\/demografia.com.pl\/demografia\/wp-json\/wp\/v2\/users\/1"}],"replies":[{"embeddable":true,"href":"https:\/\/demografia.com.pl\/demografia\/wp-json\/wp\/v2\/comments?post=1328"}],"version-history":[{"count":0,"href":"https:\/\/demografia.com.pl\/demografia\/wp-json\/wp\/v2\/pages\/1328\/revisions"}],"wp:attachment":[{"href":"https:\/\/demografia.com.pl\/demografia\/wp-json\/wp\/v2\/media?parent=1328"}],"curies":[{"name":"wp","href":"https:\/\/api.w.org\/{rel}","templated":true}]}}