{"id":2126,"date":"2024-01-04T19:46:08","date_gmt":"2024-01-04T17:46:08","guid":{"rendered":"https:\/\/demografia.com.pl\/demografia\/?page_id=2126"},"modified":"2024-01-04T22:46:56","modified_gmt":"2024-01-04T20:46:56","slug":"polskie-partie-polityczne-a-kwestie-moralne","status":"publish","type":"page","link":"https:\/\/demografia.com.pl\/demografia\/polskie-partie-polityczne-a-kwestie-moralne\/","title":{"rendered":"Polskie partie polityczne a kwestie moralne"},"content":{"rendered":"\n<p><strong>Wprowadzenie<\/strong><\/p>\n\n\n\n<p>Po II wojnie \u015bwiatowej przez kilka dekad przewodni\u0105 si\u0142\u0105 narodu polskiego by\u0142a Polska Zjednoczona Partia Robotnicza. Powsta\u0142a z po\u0142\u0105czenia Polskiej Partii Socjalistycznej i Polskiej Partii Robotniczej w 1948 r. W latach 1948-1989 by\u0142a ideow\u0105 si\u0142\u0105 socjalizmu w Polskiej Republice Ludowej. Realizowa\u0142a doktryn\u0119 marksistowsko-leninowsk\u0105 przez cztery dekady. W stosunku do kluczowych kwestii moralnych reprezentowa\u0142a cywilizacj\u0119 \u015bmierci, co w ostateczno\u015bci doprowadzi\u0142o nar\u00f3d polski w wymiarze ekonomicznym i moralnym do ogromnej zapa\u015bci. Po 1990 r. na scenie polskiej kszta\u0142towa\u0142 si\u0119 nowy wachlarz partyjny. Przez ostatnie trzy dekady dokonywa\u0142y si\u0119 ci\u0105g\u0142e zmiany partii politycznych. Ko\u0144czy\u0142y sw\u00f3j \u017cywot skompromitowane przez swych lider\u00f3w, a powstawa\u0142y nowe z nadziej\u0105 na zaistnienie na scenie politycznej. W 2023 r. do licz\u0105cych si\u0119 ugrupowa\u0144 politycznych zaliczamy: Prawo i Sprawiedliwo\u015b\u0107, Platform\u0119 Obywatelsk\u0105, Lewic\u0119, Polskie Stronnictwo Ludowe i Konfederacj\u0119.<\/p>\n\n\n\n<p><strong>Kluczowe zasady moralne. <\/strong><\/p>\n\n\n\n<p>Wa\u017cne w wymiarze spo\u0142ecznym zasady moralne dotycz\u0105 dziewi\u0119ciu kluczowych zasad moralnych i stosunku do Ko\u015bcio\u0142a rzymskokatolickiego. Dotycz\u0105 one \u017cycia dzieci nienarodzonych, czyli aborcji, antykoncepcji, czyli \u015brodk\u00f3w niszcz\u0105cych powstanie \u017cycia albo nie dopuszczaj\u0105cych do jego zaistnienia. Kolejne zagadnienie to \u201eedukacja seksualna\u201d, czyli deprawacja dzieci i m\u0142odzie\u017cy. Wa\u017cn\u0105 kwesti\u0105 jest eutanazja, czyli stosunek do ludzi wiekowych i chorych czy to dzieci, czy os\u00f3b starszych. W dobie ogromnej depopulacji w wymiarze europejskim wa\u017cn\u0105 kwesti\u0105 jest sprawa in vitro, czyli powstawanie \u017cycia pozaustrojowego. W wymiarze spo\u0142ecznym wa\u017cne jest nasze odniesienie do os\u00f3b LGBT+.<\/p>\n\n\n\n<p>Rozwody i zwi\u0105zki cywilne w przestrzeni europejskiej zafunkcjonowa\u0142y dopiero w 1792 r. Zosta\u0142y prawnie zalegalizowane przez lider\u00f3w rewolucji francuskiej, kt\u00f3ra zerwa\u0142a z chrze\u015bcija\u0144stwem. Przez ponad 1470 lat ma\u0142\u017ce\u0144stwo na ziemi europejskiej cieszy\u0142o si\u0119 stabilno\u015bci\u0105, mia\u0142o charakter sakramentalny i by\u0142o pod ochron\u0105 prawa. W Polsce rozwody i zwi\u0105zki cywilne zalegalizowali prawnie komuni\u015bci w 1945 r.<\/p>\n\n\n\n<p>Pocz\u0105tek naszej pa\u0144stwowo\u015bci wi\u0105\u017ce si\u0119 z Ko\u015bcio\u0142em rzymskokatolickim. Krzy\u017c, jego znak, da\u0142 nam istnienie jako narodowi i pa\u0144stwu. Kolejne pytanie odnosi si\u0119 do Ko\u015bcio\u0142a rzymskokatolickiego i ludzi wierz\u0105cych.<\/p>\n\n\n\n<p>Najwa\u017cniejsz\u0105 wsp\u00f3lnot\u0105 w wymiarze spo\u0142ecznym, zawsze by\u0142a rodzina, czyli rodzice (mama- niewiasta i tata-m\u0119\u017cczyzna), a tak\u017ce dzieci. Tote\u017c nie mog\u0142o zabrakn\u0105\u0107 pytania dotycz\u0105cego zwi\u0105zk\u00f3w jednop\u0142ciowych, kt\u00f3re wykluczaj\u0105 ze swej natury potomstwo. A wiemy z historii, \u017ce grzech sodomski doprowadzi\u0142 do zniszczenia obu miast staro\u017cytnych: Sodomy i Gomory.<\/p>\n\n\n\n<p>Tabela zawiera dziesi\u0119\u0107 zagadnie\u0144 dotycz\u0105cych kluczowych spraw moralnych. Kolejna kolumna przedstawia stosunek konkretnej partii do konkretnego zagadnienia moralnego. Dwie kolejne kolumny zawieraj\u0105 punktacj\u0119 od 0 do 10 w odniesieniu do cywilizacji \u017cycia i \u015bmierci. Ostania kolumna bilansuje zebrane punkty.<\/p>\n\n\n\n<p><strong>Metoda. <\/strong><\/p>\n\n\n\n<p>Akceptacja powy\u017cszego zagadnienia moralnego jest zaznaczana dwoma okre\u015bleniami: pozytywnym albo negatywnym. Pozytywny stosunek do zagadnie\u0144 takich jak: aborcja, antykoncepcja, \u201eedukacja seksualna\u201d, eutanazja, in vitro, LGBT+, rozwody, zwi\u0105zki cywilne i zwi\u0105zki jednop\u0142ciowe w obszarze cywilizacji \u017cycia punktowana jest na zero. Dla obszaru cywilizacji \u015bmierci punktowana mo\u017ce by\u0107 w maksymalnej liczbie 10 punkt\u00f3w.<\/p>\n\n\n\n<p>W przypadku stosunku do Ko\u015bcio\u0142a rzymskokatolickiego, okre\u015blenie pozytywne dla obszaru cywilizacji \u017cycia skutkuje maksymaln\u0105 liczb\u0105 punkt\u00f3w, bo a\u017c 10, a dla obszaru cywilizacji \u015bmieci zerow\u0105 punktacj\u0105.<\/p>\n\n\n\n<p>Mog\u0105 wyst\u0105pi\u0107 tak\u017ce odpowiedzi mieszane, kt\u00f3re b\u0119d\u0105 skutkowa\u0107 mniejsz\u0105 liczb\u0105 punkt\u00f3w. Odpowied\u017a dwojaka, pozytywna\/negatywna, co b\u0119dzie zgromadzeniem po jednej czy po drugiej stronie mniejszej ni\u017c 10 liczby punkt\u00f3w.<\/p>\n\n\n\n<p><strong>Cywilizacja \u017cycia.<\/strong> <\/p>\n\n\n\n<p>Zebranie maksymalnej liczby punkt\u00f3w, stu, w obszarze cywilizacji \u017cycia oznacza, \u017ce dana partia jest za obron\u0105 \u017cycia dzieci pocz\u0119tych, zakazem rozprowadzania \u015brodk\u00f3w antykoncepcyjnych, za zakazem \u201eedukacji seksualnej\u201d, czyli przeciwko deprawacji, z szacunkiem odnosi si\u0119 do \u017cycia os\u00f3b starszych i chorych, a\u017c do naturalnej \u015bmierci. Zap\u0142odnienie pozaustrojowe nie wchodzi w gr\u0119, jest to naruszenie prawa naturalnego. Akceptacja zachowa\u0144 os\u00f3b zdeprawowanych i umocowanie prawne dewiacji nie jest akceptowane. Rozwody i zwi\u0105zki cywilne nie s\u0105 akceptowane i nie powinny mie\u0107 umocowania prawnego. Zwi\u0105zki jednop\u0142ciowe nigdy nie by\u0142y i nie s\u0105 ma\u0142\u017ce\u0144stwem. Nie mo\u017cna ich stawia\u0107 na r\u00f3wni z naturalnym zwi\u0105zkiem m\u0119\u017cczyzny i kobiety. Nie mog\u0105 mie\u0107 umocowania prawnego. Nauka Ko\u015bcio\u0142a rzymskokatolickiego jest akceptowana, a wierni mog\u0105 swobodnie uczestniczy\u0107 w praktykach religijnych.<\/p>\n\n\n\n<p><strong>Cywilizacja \u015bmierci.<\/strong> <\/p>\n\n\n\n<p>Zebranie maksymalnej liczby punkt\u00f3w, stu, w obszarze cywilizacji \u015bmierci oznacza, \u017ce dana partia jest za zabijaniem dzieci nienarodzonych, propagowaniem antykoncepcji, wprowadzeniem \u201eedukacji seksualnej\u201d do szk\u00f3\u0142, czyli zgod\u0105 na deprawacj\u0119 dzieci i m\u0142odzie\u017cy. Eutanazja jest dobrem i prawem cz\u0142owieka. In vitro jest metod\u0105 na brak dzieci. LGBT+ jest promowane a cz\u0142onkowie bior\u0105 udzia\u0142 w r\u00f3\u017cnych spotkaniach. Rozwody i zwi\u0105zki cywilne s\u0105 prawem cz\u0142owieka. Cho\u0107 to prawo w Polsce zosta\u0142o wprowadzone dekretem w 1945 r., gwa\u0142c\u0105c wol\u0119 narodu. W latach 988-1945 ma\u0142\u017ce\u0144stwo mia\u0142o charakter sakramentalny i by\u0142o stabilne. Zwi\u0105zki jednop\u0142ciowe winny by\u0107 zr\u00f3wnane prawnie z ma\u0142\u017ce\u0144stwem (jak m\u0119\u017cczyzny i kobiety)\/ Dla Ko\u015bcio\u0142a rzymskokatolickiego nie ma miejsca w przestrzeni spo\u0142ecznej. Nale\u017cy maksymalnie ograniczy\u0107 jego dzia\u0142alno\u015b\u0107.<\/p>\n\n\n\n<p><a href=\"https:\/\/demografia.com.pl\/demografia\/lewica-kwestie-moralne\/\">LEWICA<\/a><\/p>\n\n\n\n<p><a href=\"https:\/\/demografia.com.pl\/demografia\/platforma-obywatelska-kwestie-moralne\/\">PO<\/a><\/p>\n\n\n\n<p>PIS<\/p>\n\n\n\n<p><\/p>\n\n\n\n<p><\/p>\n\n\n\n<p><\/p>\n\n\n\n<p><\/p>\n\n\n\n<p><\/p>\n\n\n\n<p><\/p>\n\n\n\n<p><\/p>\n\n\n\n<p><\/p>\n<p>Views: 54<\/p>","protected":false},"excerpt":{"rendered":"<p>Wprowadzenie Po II wojnie \u015bwiatowej przez kilka dekad przewodni\u0105 si\u0142\u0105 narodu polskiego by\u0142a Polska Zjednoczona Partia Robotnicza. Powsta\u0142a z po\u0142\u0105czenia Polskiej Partii Socjalistycznej i Polskiej Partii Robotniczej w 1948 r. W latach 1948-1989 by\u0142a ideow\u0105 si\u0142\u0105 socjalizmu w Polskiej Republice Ludowej. Realizowa\u0142a doktryn\u0119 marksistowsko-leninowsk\u0105 przez cztery dekady. W stosunku do kluczowych kwestii moralnych reprezentowa\u0142a cywilizacj\u0119 &hellip; <\/p>\n<p class=\"link-more\"><a href=\"https:\/\/demografia.com.pl\/demografia\/polskie-partie-polityczne-a-kwestie-moralne\/\" class=\"more-link\">Czytaj dalej<span class=\"screen-reader-text\"> \u201ePolskie partie polityczne a kwestie moralne\u201d<\/span><\/a><\/p>\n","protected":false},"author":1,"featured_media":3534,"parent":0,"menu_order":0,"comment_status":"closed","ping_status":"closed","template":"","meta":{"footnotes":""},"class_list":["post-2126","page","type-page","status-publish","has-post-thumbnail","hentry"],"_links":{"self":[{"href":"https:\/\/demografia.com.pl\/demografia\/wp-json\/wp\/v2\/pages\/2126","targetHints":{"allow":["GET"]}}],"collection":[{"href":"https:\/\/demografia.com.pl\/demografia\/wp-json\/wp\/v2\/pages"}],"about":[{"href":"https:\/\/demografia.com.pl\/demografia\/wp-json\/wp\/v2\/types\/page"}],"author":[{"embeddable":true,"href":"https:\/\/demografia.com.pl\/demografia\/wp-json\/wp\/v2\/users\/1"}],"replies":[{"embeddable":true,"href":"https:\/\/demografia.com.pl\/demografia\/wp-json\/wp\/v2\/comments?post=2126"}],"version-history":[{"count":1,"href":"https:\/\/demografia.com.pl\/demografia\/wp-json\/wp\/v2\/pages\/2126\/revisions"}],"predecessor-version":[{"id":3535,"href":"https:\/\/demografia.com.pl\/demografia\/wp-json\/wp\/v2\/pages\/2126\/revisions\/3535"}],"wp:featuredmedia":[{"embeddable":true,"href":"https:\/\/demografia.com.pl\/demografia\/wp-json\/wp\/v2\/media\/3534"}],"wp:attachment":[{"href":"https:\/\/demografia.com.pl\/demografia\/wp-json\/wp\/v2\/media?parent=2126"}],"curies":[{"name":"wp","href":"https:\/\/api.w.org\/{rel}","templated":true}]}}