{"id":4604,"date":"2023-12-17T18:29:38","date_gmt":"2023-12-17T16:29:38","guid":{"rendered":"https:\/\/demografia.com.pl\/demografia\/?page_id=4604"},"modified":"2026-01-29T20:22:14","modified_gmt":"2026-01-29T18:22:14","slug":"polska-bez-dzieci","status":"publish","type":"page","link":"https:\/\/demografia.com.pl\/demografia\/masowa-demoralizacja-dzieci-i-mlodziezy\/polska-bez-dzieci\/","title":{"rendered":"Polska bez ko\u0142ysek"},"content":{"rendered":"\r\n<p>Przez stulecia Polska by\u0142a silna ko\u0142yskami. Druga po\u0142owa XIX i pierwsza XX stulecia charakteryzowa\u0142a si\u0119 boomem demograficznym. Pod koniec XIX w. w Polsce na kobiet\u0119 w wieku rozrodczym (15-49 lat) przypada\u0142o ponad 5. dzieci. Ka\u017cdego roku stan posiadania populacji m\u0142odego pokolenia Polak\u00f3w powi\u0119ksza\u0142 si\u0119 od 400 do 500 tys. Tyle nas przybywa\u0142o. Po ponad 110 latach nie przybywa nas, ale ubywa, i to rok do roku do 150 tys. mieszka\u0144c\u00f3w. W\u00f3wczas m\u0142ode Polki cieszy\u0142y si\u0119 ma\u0142\u017ce\u0144stwem i licznym potomstwem. To by\u0142a si\u0142a narodu, kt\u00f3ry w 1918 r. odzyska\u0142 niepodleg\u0142o\u015b\u0107. A obecnie sytuacja jest proporcjonalnie odwrotna do tej sprzed 120 lat.<\/p>\r\n\r\n\r\n\r\n<p>Poszukajmy przyczyn tego stanu rzeczy. Co si\u0119 sta\u0142o, \u017ce m\u0142ode Polki nie rodz\u0105 dzi\u015b dzieci? Nad tym stanem pochylaj\u0105 si\u0119 tak\u017ce publicy\u015bci, czy te\u017c bardziej ideolodzy cywilizacji \u015bmierci. Snuj\u0105 swoje wizje i opowie\u015bci z krainy mchu i paproci i u\u017cywaj\u0105 nowomowy, kt\u00f3ra nam niczego nie wyja\u015bnia, a jeszcze bardziej komplikuje rzeczywisto\u015b\u0107<sup><a id=\"sdfootnote1anc\" href=\"#sdfootnote1sym\"><sup>1<\/sup><\/a><\/sup>. Przyczyn mamy kilka. \u015arodowiska cywilizacji \u015bmierci skierowa\u0142y narracj\u0119 na zupe\u0142nie inne tory. U\u017cywaj\u0105 poj\u0119\u0107 kluczy, a nic z tego nie wynika.<\/p>\r\n\r\n\r\n\r\n<p>Zasada jest prosta do b\u00f3lu. Jak jest skutek, to musi by\u0107 przyczyna. Tu zachodzi zasada przyczynowo-skutkowa. Skutek to malej\u0105ca liczba dzieci, kt\u00f3ra z ka\u017cdym rokiem si\u0119 pomniejsza. Nie wystarczy napisa\u0107 o malej\u0105cej liczbie kobiet w wieku rozrodczym, czy malej\u0105cych wsp\u00f3\u0142czynnikach dzietno\u015bci. Czy o tym, \u017ce pomniejsza si\u0119 liczba dzieci, a spo\u0142ecze\u0144stwo staje si\u0119 coraz starsze. Albo o tym, \u017ce m\u0142ode pokolenia nie chc\u0105 mie\u0107 dzieci. Trzeba szuka\u0107 przyczyn. A zatem, co si\u0119 sta\u0142o, jakie mamy przyczyny zapa\u015bci demograficznej w Polsce?<\/p>\r\n\r\n\r\n\r\n<p>Przeanalizujmy jeszcze liczb\u0119 urodzin dzieci w latach 2011-2022. To czas, w kt\u00f3rym mamy dok\u0142adne dane. Jednak, znaj\u0105c przyczyny zapa\u015bci demograficznej i roczny ubytek dzieci, mo\u017cemy pokusi\u0107 si\u0119 o prognozowan\u0105 liczb\u0119 urodzin w poszczeg\u00f3lnych latach 2023-2040 r.<\/p>\r\n\r\n\r\n\r\n<figure class=\"wp-block-image size-large is-style-default\"><img loading=\"lazy\" decoding=\"async\" width=\"1024\" height=\"642\" class=\"wp-image-4843\" src=\"https:\/\/demografia.com.pl\/demografia\/wp-content\/uploads\/2024\/02\/image-2-1024x642.png\" alt=\"\" srcset=\"https:\/\/demografia.com.pl\/demografia\/wp-content\/uploads\/2024\/02\/image-2-1024x642.png 1024w, https:\/\/demografia.com.pl\/demografia\/wp-content\/uploads\/2024\/02\/image-2-300x188.png 300w, https:\/\/demografia.com.pl\/demografia\/wp-content\/uploads\/2024\/02\/image-2-768x482.png 768w, https:\/\/demografia.com.pl\/demografia\/wp-content\/uploads\/2024\/02\/image-2.png 1038w\" sizes=\"auto, (max-width: 767px) 89vw, (max-width: 1000px) 54vw, (max-width: 1071px) 543px, 580px\" \/><\/figure>\r\n\r\n\r\n\r\n<figure class=\"wp-block-image size-large is-style-default\"><img loading=\"lazy\" decoding=\"async\" width=\"1024\" height=\"843\" class=\"wp-image-4845\" src=\"https:\/\/demografia.com.pl\/demografia\/wp-content\/uploads\/2024\/02\/image-3-1024x843.png\" alt=\"\" srcset=\"https:\/\/demografia.com.pl\/demografia\/wp-content\/uploads\/2024\/02\/image-3-1024x843.png 1024w, https:\/\/demografia.com.pl\/demografia\/wp-content\/uploads\/2024\/02\/image-3-300x247.png 300w, https:\/\/demografia.com.pl\/demografia\/wp-content\/uploads\/2024\/02\/image-3-768x632.png 768w, https:\/\/demografia.com.pl\/demografia\/wp-content\/uploads\/2024\/02\/image-3.png 1048w\" sizes=\"auto, (max-width: 767px) 89vw, (max-width: 1000px) 54vw, (max-width: 1071px) 543px, 580px\" \/><\/figure>\r\n\r\n\r\n\r\n<p>Pierwsze dwie dekady XXI stulecia by\u0142y okresem powolnego zmniejszania si\u0119 narodzin w rodzinach polskich, cho\u0107 ten proces zacz\u0105\u0142 si\u0119 znacznie wcze\u015bniej. W pierwszej dekadzie XXI stulecia urodzi\u0142o si\u0119 3,8 mln dzieci, podobnie by\u0142o w drugiej. Znacznie mniej rodzi si\u0119 dzieci w trzeciej dekadzie. W pierwszych latach trzeciej dekady widzimy gwa\u0142towny spadek narodzin dzieci w rodzinach polskich. A zatem, co si\u0119 sta\u0142o, \u017ce tak gwa\u0142townie ubywa dzieci. W 2020 roku urodzi\u0142o si\u0119 oko\u0142o 355 tys. dzieci, a w roku nast\u0119pnym o 19 tys. mniej. Rekordowym rokiem ubytku by\u0142 rok 2022. W stosunku do 2021 r. urodzi\u0142o si\u0119 mniej o 41 tys. dzieci. Pomijam tu dzieci, kt\u00f3re urodzi\u0142y si\u0119 z matek Ukrainek w tym roku<sup><a id=\"sdfootnote2anc\" href=\"#sdfootnote2sym\"><sup>2<\/sup><\/a><\/sup>, a by\u0142o ich oko\u0142o 15 tys.<\/p>\r\n\r\n\r\n\r\n<p>Rok 2023 b\u0119dzie kolejnym rokiem spadku urodzin dzieci w polskich rodzinach. Urodzi\u0142o si\u0119 oko\u0142o 272 tys. B\u0119dzie to najmniejsza liczba urodzin od 1895 r., kiedy prowadzone s\u0105 do\u015b\u0107 skrupulatne zapisy demograficzne w\u015br\u00f3d ludno\u015bci polskiej. To s\u0105 dane, kt\u00f3re ju\u017c odnotowujemy w naszych danych statystycznych.<\/p>\r\n\r\n\r\n\r\n<p>A jak b\u0119dzie w kolejnych latach? Je\u015bli nie zatrzymamy idei cywilizacji \u015bmierci, to skutki naszej demografii na przysz\u0142o\u015b\u0107 b\u0119d\u0105 op\u0142akane. Z ka\u017cdym rokiem b\u0119dzie si\u0119 rodzi\u0107 coraz mniej dzieci, mniej wi\u0119cej o oko\u0142o 20 tys., a mo\u017ce nawet i wi\u0119cej. Je\u015bli ten ubytek b\u0119dzie tak du\u017cy, to w latach trzydziestych XXI stulecia w Polsce mo\u017ce urodzi\u0107 si\u0119 mniej dzieci w por\u00f3wnaniu z poprzednimi dwoma dekadami o ponad 1,6 mln. Urodzi si\u0119 tylko nieco ponad 2,1 mln dzieci. Je\u015bli si\u0119 nic nie zmieni, to w czwartej dekadzie nast\u0105pi ca\u0142kowita zapa\u015b\u0107 populacji w\u015br\u00f3d Polak\u00f3w. Mo\u017ce si\u0119 w\u00f3wczas urodzi\u0107 oko\u0142o 646 tys. dzieci. Dalej boj\u0119 si\u0119 liczy\u0107.<\/p>\r\n\r\n\r\n\r\n<figure class=\"wp-block-image size-full is-style-default\"><img loading=\"lazy\" decoding=\"async\" width=\"1000\" height=\"750\" class=\"wp-image-4616\" src=\"https:\/\/demografia.com.pl\/demografia\/wp-content\/uploads\/2023\/12\/Polska-bez-dzieci-2.jpg\" alt=\"\" srcset=\"https:\/\/demografia.com.pl\/demografia\/wp-content\/uploads\/2023\/12\/Polska-bez-dzieci-2.jpg 1000w, https:\/\/demografia.com.pl\/demografia\/wp-content\/uploads\/2023\/12\/Polska-bez-dzieci-2-300x225.jpg 300w, https:\/\/demografia.com.pl\/demografia\/wp-content\/uploads\/2023\/12\/Polska-bez-dzieci-2-768x576.jpg 768w\" sizes=\"auto, (max-width: 767px) 89vw, (max-width: 1000px) 54vw, (max-width: 1071px) 543px, 580px\" \/>\r\n<figcaption class=\"wp-element-caption\">\u0179r\u00f3d\u0142o: Demographics of Poland, <a href=\"https:\/\/en.wikipedia.org\/wiki\/Demographics_of_Poland\">https:\/\/en.wikipedia.org\/wiki\/Demographics_of_Poland<\/a>, Obliczenia w\u0142asne.<\/figcaption>\r\n<\/figure>\r\n\r\n\r\n\r\n<p>Na powy\u017cszym wykresie widzimy liczb\u0119 urodzin dzieci w poszczeg\u00f3lnych dekadach, pocz\u0105wszy do 1981 r. a\u017c po 2040 r. W latach 1981-1990 urodzi\u0142o si\u0119 6,4 mln dzieci, po pi\u0119ciu dekadach urodzin b\u0119dzie dziesi\u0119ciokrotnie mniej, bo oko\u0142o 640 tys. W 2002 r. po raz pierwszy wi\u0119cej os\u00f3b zmar\u0142o ni\u017c si\u0119 urodzi\u0142o. Od trzech lat, od 2020 r. ubywa ponad 120 tys. os\u00f3b. W 2021 r. pomniejszyli\u015bmy swa populacje o ponad 188 tys. a w 2022 r. o 143 tys. Dane po 2023 r. maj\u0105 tylko i wy\u0142\u0105cznie charakter szacunkowy. W 2040 r. Polsk\u0119 b\u0119dzie zamieszkiwa\u0142o oko\u0142o 32,1 mln, a w 2070 oko\u0142o 17,8 mln. Pod warunkiem, \u017ce nie b\u0119dziemy do\u015bwiadczali \u017cadnych turbulencji dziejowych z zewn\u0105trz.<\/p>\r\n\r\n\r\n\r\n<p class=\"has-medium-font-size\"><strong>Antykoncepcja<\/strong><\/p>\r\n\r\n\r\n\r\n<p>Pierwsza przyczyna, i to najtragiczniejsza, bo dokona\u0142a najwi\u0119kszych zmian w spo\u0142ecze\u0144stwie, to antykoncepcja. Niewidoczna, nieha\u0142a\u015bliwa, a dzia\u0142a jak czad, kt\u00f3ry wydobywa si\u0119 z komina i zabija po cichu. Tak w\u0142a\u015bnie dzia\u0142aj\u0105 \u015brodki antykoncepcyjne. Nie dopuszczaj\u0105 do powstania \u017cycia albo niszcz\u0105 kie\u0142kuj\u0105ce \u017cycie ludzkie. Antykoncepcja dokonuje zmian\u0119 mentalno\u015bci tych, kt\u00f3rzy j\u0105 stosuj\u0105, przede wszystkim zabija wiar\u0119 w \u017cywego Boga. Tu zachodzi jasna prawid\u0142owo\u015b\u0107. Grzech rodzi grzech. Grzech przeciwko \u017cyciu, i pierwszemu przykazaniu Bo\u017cemu, rodzi grzech bezbo\u017cnictwa. Mentalno\u015b\u0107 antykoncepcyjna powoduje oboj\u0119tno\u015b\u0107 religijn\u0105. Rodzi si\u0119 brak wra\u017cliwo\u015bci na \u017cycie duchowe i moralne. Wiara staje si\u0119 dziedzictwem kulturowym \u2013 cz\u0142owiek staje si\u0119 muzealnikiem Domu Bo\u017cego. Rodzice nie s\u0105 w stanie przekaza\u0107 \u017cywej wiary swym dzieciom. Zachowuj\u0105 jedynie zewn\u0119trzne formy \u017cycia religijnego. Tak dla przyk\u0142adu, jeszcze ochrzcz\u0105 swe potomstwo, doprowadz\u0105 do I Komunii \u015aw., bierzmowania, a nawet sakramentu ma\u0142\u017ce\u0144stwa. Jednak kolejne pokolenie, dotychczasowe formy religijno\u015bci odrzuci na rzecz nowych idei, cz\u0119sto antyreligijnych. Tak jak u\u017cywanie \u015brodk\u00f3w antykoncepcyjnych w danym spo\u0142ecze\u0144stwie ma charakter masowy, tak dokonuje si\u0119 w kolejnych pokoleniach masowa dekatolicyzacja<sup><a id=\"sdfootnote3anc\" href=\"#sdfootnote3sym\"><sup>3<\/sup><\/a><\/sup>.<\/p>\r\n\r\n\r\n\r\n<p class=\"has-medium-font-size\"><strong>Aborcja<\/strong><\/p>\r\n\r\n\r\n\r\n<p>Kolejnym czynnikiem pomniejszaj\u0105cym liczb\u0119 urodzin dzieci jest aborcja. W przypadku Polski w latach 1920-2020 zabito oko\u0142o 33,5 mln dzieci nienarodzonych. Proceder ten trwa nadal, cho\u0107 zosta\u0142 znacznie pomniejszony od pocz\u0105tku lat dziewi\u0119\u0107dziesi\u0105tych XX w. Gdyby ta ogromna rzesza dzieci nienarodzonych urodzi\u0142a si\u0119, jak by dzi\u015b wygl\u0105da\u0142a Polska. Pewnie place zabaw by\u0142yby pe\u0142ne dzieci, a przedszkola i szko\u0142y pe\u0142ne dzieci. A tak zamykamy z ka\u017cdym rokiem kolejne szko\u0142y i otwieramy nowe Domy Pomocy Spo\u0142ecznej. By\u0142oby nieszcz\u0119\u015bciem naszego narodu, gdyby przy obecnej zapa\u015bci demograficznej rz\u0105dz\u0105cy podj\u0119li decyzj\u0119 o zabijaniu dzieci nienarodzonych. <strong><em>Tak\u0105 decyzj\u0119 mog\u0105 podj\u0105\u0107 tylko w\u0142adze okupacyjne Polski.<\/em><\/strong><\/p>\r\n<figure id=\"attachment_4883\" aria-describedby=\"caption-attachment-4883\" style=\"width: 540px\" class=\"wp-caption alignnone\"><img loading=\"lazy\" decoding=\"async\" class=\"wp-image-4883\" src=\"https:\/\/demografia.com.pl\/demografia\/wp-content\/uploads\/2024\/02\/Wladze-300x225.jpg\" alt=\"\" width=\"540\" height=\"405\" srcset=\"https:\/\/demografia.com.pl\/demografia\/wp-content\/uploads\/2024\/02\/Wladze-300x225.jpg 300w, https:\/\/demografia.com.pl\/demografia\/wp-content\/uploads\/2024\/02\/Wladze-768x576.jpg 768w, https:\/\/demografia.com.pl\/demografia\/wp-content\/uploads\/2024\/02\/Wladze.jpg 1000w\" sizes=\"auto, (max-width: 540px) 100vw, 540px\" \/><figcaption id=\"caption-attachment-4883\" class=\"wp-caption-text\">W\u0142adze okupacyjne Polski<\/figcaption><\/figure>\r\n\r\n\r\n\r\n<p class=\"has-medium-font-size\"><strong>Deprawacja dzieci i m\u0142odzie\u017cy<\/strong><\/p>\r\n\r\n\r\n\r\n<p>Na coraz mniejsz\u0105 liczb\u0119 urodzin dzieci ogromny wp\u0142yw ma deprawacja m\u0142odzie\u017cy i dzieci. Tylko cz\u0142owiek zdrowy moralnie, duchowo i biologicznie mo\u017ce podj\u0105\u0107 wa\u017cne zadania spo\u0142eczne. Jednym z takich zada\u0144 jest za\u0142o\u017cenie rodziny, przyj\u0119cie potomstwa, kt\u00f3rym B\u00f3g go obdarzy, i dobre wychowanie dzieci. Natomiast je\u015bli m\u0142odego cz\u0142owieka zdeprawujemy, nie b\u0119dzie on w stanie podj\u0105\u0107 wa\u017cnych zada\u0107 spo\u0142ecznych. Nie za\u0142o\u017cy rodziny, nie b\u0119dzie w stanie przyj\u0105\u0107 i wychowa\u0107 m\u0142odego pokolenia. B\u0119dzie sam potrzebowa\u0142 opieki psychiatrycznej czy psychologicznej. Obecnie cywilizacja \u015bmierci czyni wszystko, by deprawacja sta\u0142a si\u0119 norm\u0105 w wychowywaniu m\u0142odego pokolenia, przede wszystkim poprzez wyuzdanie seksualne, znarkotyzowanie i rozpicie m\u0142odzie\u017cy. Czyni si\u0119 to bardzo r\u00f3\u017cnymi metodami, m.in. poprzez kluby nocne, w kt\u00f3rych dodatkowo oddzia\u0142uje muzyka zniewalaj\u0105ca duchowo, nios\u0105c tre\u015bci demoniczne, czy te\u017c za pomoc\u0105 Internetu.<\/p>\r\n\r\n\r\n\r\n<p>Od prawie dw\u00f3ch dekad Internet sta\u0142 si\u0119 no\u015bnikiem nie tylko dobrych, ale i bardzo z\u0142ych tre\u015bci. Filmy, bajki, gry maj\u0105 bardzo cz\u0119sto przekaz demoniczny, a tak\u017ce seksualny. To powoduje zniewolenie m\u0142odego pokolenia od tre\u015bci, kt\u00f3re niszcz\u0105 wra\u017cliwo\u015b\u0107 najm\u0142odszych Polak\u00f3w. \u015arodowiska feministyczne podejmuj\u0105 ci\u0105g\u0142a walk\u0119, by szko\u0142a sta\u0142a si\u0119 miejscem masowej deprawacji uczni\u00f3w. U\u017cywa si\u0119 poj\u0119cia mi\u0142o brzmi\u0105cego, \u201eedukacja seksualna\u201d, kt\u00f3ra w rzeczywisto\u015bci jest deprawacj\u0105 dzieci i m\u0142odzie\u017cy na skal\u0119 masow\u0105. Spo\u0142eczno\u015bci, kt\u00f3re zaaplikowa\u0142y ten eksperyment spo\u0142eczny, staj\u0105 si\u0119 dzi\u015b zdezintegrowane na p\u0142aszczy\u017anie moralnej, duchowej, konfesyjnej, spo\u0142ecznej, a tak\u017ce politycznej. M\u0142ode pokolenie staje si\u0119 wyobcowane z tego \u015bwiata, cz\u0119sto szukaj\u0105c mo\u017cliwo\u015bci zako\u0144czenia egzystencji ziemskiej<sup><a id=\"sdfootnote4anc\" href=\"#sdfootnote4sym\"><sup>4<\/sup><\/a><\/sup>.<\/p>\r\n\r\n\r\n\r\n<p class=\"has-medium-font-size\"><strong>\u015aluby humanistyczne<\/strong><\/p>\r\n\r\n\r\n\r\n<p>Rozwody sta\u0142y si\u0119 codzienno\u015bci\u0105 zar\u00f3wno w spo\u0142ecze\u0144stwie angielskim, jak i polskim<sup><a id=\"sdfootnote5anc\" href=\"#sdfootnote5sym\"><sup>5<\/sup><\/a><\/sup>. W\u015br\u00f3d m\u0142odego pokolenia Brytyjczyk\u00f3w i Polak\u00f3w modne s\u0105 obecnie \u015bluby humanistyczne. M\u0142odzi Polacy, kt\u00f3rzy w ostatnich dekadach XXI stulecia wyemigrowali do Wielkiej Brytanii, ho\u0142duj\u0105 bezbo\u017cnym i bezdzietnym \u015blubom humanistycznym. \u015alub humanistyczny w Polsce nie wywiera skutk\u00f3w prawnych, dlatego trudno poda\u0107 dok\u0142adn\u0105 liczb\u0119 ich zawarcia.<\/p>\r\n\r\n\r\n\r\n<p>Od kilkunastu lat zaczynaj\u0105 pojawia\u0107 si\u0119 tak\u017ce w polskiej przestrzeni spo\u0142ecznej. W ostatnich latach sta\u0142y si\u0119 nasz\u0105 plag\u0105. Od prawie dw\u00f3ch dekad ma\u0142\u017ce\u0144stwa sakramentalne w spo\u0142ecze\u0144stwie polskim s\u0105 coraz rzadsze. Idee \u015blubu humanistycznego zmieniaj\u0105 paradygmat ma\u0142\u017ce\u0144stwa. Ma\u0142\u017ce\u0144stwu humanistycznemu towarzyszy przede wszystkim jeden cel \u2013 mi\u0142o\u015b\u0107. Dzieci s\u0105 obci\u0105\u017ceniem takiego ma\u0142\u017ce\u0144stwa w realizacji jego plan\u00f3w. Ten cel nie jest zobowi\u0105zuj\u0105cy. Dlatego najcz\u0119stszym atrybutem, kr\u00f3tkotrwa\u0142ych ma\u0142\u017ce\u0144stw humanistycznych, s\u0105 koty i psy. W uroczysto\u015bciach \u015blub\u00f3w humanistycznych bardzo cz\u0119sto nie uczestnicz\u0105 rodzice i rodzina. M\u0142odzi zrywaj\u0105 wi\u0119\u017a z dotychczasow\u0105 tradycj\u0105 na rzecz bezbo\u017cno\u015bci. Propagowane s\u0105 idee wolteria\u0144skie, kt\u00f3re coraz mocniej zadomowiaj\u0105 si\u0119 w bezbo\u017cnym, bezdzietnym i bezideowym spo\u0142ecze\u0144stwie polskim. Ceremonie propagowane s\u0105 przez \u015brodowiska socjalistyczne r\u00f3\u017cnych barw (rewolucyjne, komunistyczne, nazistowskie, liberalne i t\u0119czowe), skrajne feministki i mason\u00f3w r\u00f3\u017cnych l\u00f3\u017c.<\/p>\r\n\r\n\r\n\r\n<p>\u201ePrzysi\u0119ga wyg\u0142aszana w dniu \u015blubu jest proklamowana pierwszy raz w \u017cyciu, nikt nie wie, jakie s\u0142owa padn\u0105 z ust panny m\u0142odej czy pana m\u0142odego. Przysi\u0119ga jest bardzo osobista i emocjonalna. Akcent przysi\u0119gi k\u0142adzie nacisk na emocje, prze\u017cycia, pragnienia pary m\u0142odej, nie za\u015b na wzgl\u0119dy formalne i religijne. Odwo\u0142uje si\u0119 do wsp\u00f3lnej historii, cz\u0119sto narzecze\u0144stwa, wsp\u00f3lnie sp\u0119dzonych chwil, sytuacji trudnych i tych najpi\u0119kniejszych. Dzi\u0119ki temu \u015blub humanistyczny jest mocno spersonalizowany\u201d<sup><a id=\"sdfootnote6anc\" href=\"#sdfootnote6sym\"><sup>6<\/sup><\/a><\/sup>.<\/p>\r\n\r\n\r\n\r\n<p>Warto tu doda\u0107 wypowied\u017a abpa Fultona Johna Sheena, \u201eHumanizm zosta\u0142 zdefiniowany jako <em>pragnienie zachowania najlepszych duchowych warto\u015bci religii przy jednoczesnej rezygnacji z teologicznej interpretacji wszech\u015bwiata<\/em>. W najszerszym uj\u0119ciu oznacza to pragnienie chrze\u015bcija\u0144stwa bez Chrystusa, pobo\u017cno\u015bci bez Boga i chrze\u015bcija\u0144skiej nadziei bez obietnicy przysz\u0142ego \u017cycia\u201d<sup><a id=\"sdfootnote7anc\" href=\"#sdfootnote7sym\"><sup>7<\/sup><\/a><\/sup>.<\/p>\r\n\r\n\r\n\r\n<p class=\"has-medium-font-size\"><strong>Populacja Polski w przysz\u0142o\u015bci<\/strong><\/p>\r\n\r\n\r\n\r\n<p>Je\u015bli nic si\u0119 nie zmieni w spo\u0142ecze\u0144stwie polskim. Czekaj\u0105 nas ogromne zmiany. B\u0119dzie nas ubywa\u0107, a spo\u0142ecze\u0144stwo z ka\u017cdym rokiem b\u0119dzie coraz starsze z ma\u0142\u0105 liczb\u0105 dzieci i m\u0142odzie\u017cy. Obecni nastolatkowie, dwudziestolatkowie, trzydziestolatkowie, a nawet czterdziestolatkowie b\u0119d\u0105 do\u015bwiadcza\u0107 ogromnej samotno\u015bci i pustki duchowej, kt\u00f3ra b\u0119dzie ich prowadzi\u0142a do wielu stan\u00f3w chorobowych. To grupa wiekowa, kt\u00f3ra da\u0142a si\u0119 uwie\u015b\u0107 propagandzie idei cywilizacji \u015bmierci. \u015awiata bez Boga i jego prawa.<\/p>\r\n\r\n\r\n\r\n<figure class=\"wp-block-image size-full is-style-default\"><img loading=\"lazy\" decoding=\"async\" width=\"1000\" height=\"750\" class=\"wp-image-4651\" src=\"https:\/\/demografia.com.pl\/demografia\/wp-content\/uploads\/2024\/01\/2020-r-1.jpg\" alt=\"\" srcset=\"https:\/\/demografia.com.pl\/demografia\/wp-content\/uploads\/2024\/01\/2020-r-1.jpg 1000w, https:\/\/demografia.com.pl\/demografia\/wp-content\/uploads\/2024\/01\/2020-r-1-300x225.jpg 300w, https:\/\/demografia.com.pl\/demografia\/wp-content\/uploads\/2024\/01\/2020-r-1-768x576.jpg 768w\" sizes=\"auto, (max-width: 767px) 89vw, (max-width: 1000px) 54vw, (max-width: 1071px) 543px, 580px\" \/><\/figure>\r\n\r\n\r\n\r\n<p>W roku 2040 najliczniejsza grup\u0105 Polak\u00f3w b\u0119d\u0105 pi\u0119\u0107dziesi\u0119ciolatki i sze\u015b\u0107dziesi\u0119ciolatki. B\u0119dzie to grupa licz\u0105ca 11,5 mln. Kolejne grupy co do liczebno\u015bci, to siedemdziesi\u0119ciolatkowie i czterdziestolatkowie. Najm\u0142odsza grupa wiekowa, do 19 roku \u017cycia b\u0119dzie liczy\u0142a oko\u0142o 2,7 mln (w 2021 r. by\u0142a to grupa licz\u0105ca 7,6 mln)<sup><a id=\"sdfootnote8anc\" href=\"#sdfootnote8sym\"><sup>8<\/sup><\/a><\/sup>. W latach czterdziestych XXI stulecia nast\u0105pi za\u0142amanie struktur spo\u0142ecznych i politycznych. Szko\u0142y i przedszkola opustoszej\u0105 z braku dzieci, Domy Pomocy Spo\u0142ecznej b\u0119d\u0105 przepe\u0142nione, a tak\u017ce szpitale spo\u0142eczne. Nast\u0105pi zapa\u015b\u0107 pomocy spo\u0142ecznej na wielu p\u0142aszczyznach. System emerytalny b\u0119dzie niewydolny. B\u0119dzie koniec z emeryturami.\u00a0<\/p>\r\n\r\n\r\n\r\n<p class=\"has-medium-font-size\"><strong>Podsumowanie<\/strong><\/p>\r\n\r\n\r\n\r\n<p>Zmiany demograficzne, ale i polityczne dotykaj\u0105 nie tylko ca\u0142ej Europy, ale i wielu innych region\u00f3w \u015bwiata. Przyczyn jest wiele. Jedn\u0105 z nich s\u0105 idee wolteria\u0144skie, kt\u00f3re sta\u0142y si\u0119 zal\u0105\u017ckiem powstania kolejnego totalitaryzmu w ideach socjalizmu. Po socjalizmie komunistycznym i nazistowskim powsta\u0142 kolejny totalitaryzm genderowy. Odpowiedzi\u0105 Ko\u015bcio\u0142a rzymskokatolickiego na totalitaryzm nazistowski by\u0142a encyklika \u201eMit brennender Sorge\u201d Piusa XI z 1937 r., dotycz\u0105ca sytuacji Ko\u015bcio\u0142a w III Rzeszy. O komunizmie papie\u017c Pius XI w 1937 r. pisa\u0142 w encyklice \u201eDivini Redemptoris\u201d bardziej znanej pod tytu\u0142em \u201eDe communismo atheo\u201d (pol. \u201eO bezbo\u017cnym komunizmie\u201d ). W dobie nowego totalitaryzmu, socjalizmu genderowego, oczekujemy na nowy g\u0142os Ko\u015bcio\u0142a, kt\u00f3ry wska\u017ce nam, jak ustrzec sw\u0105 wiar\u0119 przed mi\u0119kkim totalitaryzmem.<\/p>\r\n\r\n\r\n\r\n<p><em>Ks. K. Bielawny<\/em><\/p>\r\n\r\n\r\n\r\n<p><strong>Przypisy:<\/strong><\/p>\r\n\r\n\r\n\r\n<p><a id=\"sdfootnote1sym\" href=\"#sdfootnote1anc\">1<\/a>Zob. M. Marciuch, W Polsce rodzi si\u0119 coraz mniej dzieci. &#8222;By\u0142o tragicznie, jest jeszcze gorzej&#8221;, <a href=\"https:\/\/biznes.interia.pl\/gospodarka\/news-w-polsce-rodzi-sie-coraz-mniej-dzieci-bylo-tragicznie-jest-j,nId,6923447\">https:\/\/biznes.interia.pl\/gospodarka\/news-w-polsce-rodzi-sie-coraz-mniej-dzieci-bylo-tragicznie-jest-j,nId,6923447<\/a>, (dost\u0119p: 08 .12. 2023 r.); zob. N. Witulska, &#8222;Nie chc\u0119 by\u0107 w ci\u0105\u017cy&#8221;. Czy Polacy godz\u0105 si\u0119 z decyzj\u0105 kobiet?, <a href=\"https:\/\/vibez.pl\/myimpact\/nie-chce-byc-w-ciazy-czy-polacy-godza-sie-z-decyzja-kobiet-6971134768454176a\">https:\/\/vibez.pl\/myimpact\/nie-chce-byc-w-ciazy-czy-polacy-godza-sie-z-decyzja-kobiet-6971134768454176a<\/a>, (dost\u0119p: 08. 12. 2023 r.); zob. I. B\u0142aszczyk, Kryzys demograficzny, <a href=\"https:\/\/www.monitorlocalnews.com\/kryzys-demograficzny\">https:\/\/www.monitorlocalnews.com\/kryzys-demograficzny<\/a>, (dost\u0119p: 08 .12. 2023 r.); zob. Szczerze o \u017cyciu bez dzieci, <a href=\"https:\/\/www.bezdzietnik.pl\/blog\/2023\/12\/06\/bezdzietnosc-i-sensy-zycia\/\">https:\/\/www.bezdzietnik.pl\/blog\/2023\/12\/06\/bezdzietnosc-i-sensy-zycia\/<\/a>, (dost\u0119p: 08 .12. 2023 r.).<\/p>\r\n\r\n\r\n\r\n<p><a id=\"sdfootnote2sym\" href=\"#sdfootnote2anc\">2<\/a> Zob. Demographics of Poland, <a href=\"https:\/\/en.wikipedia.org\/wiki\/Demographics_of_Poland\">https:\/\/en.wikipedia.org\/wiki\/Demographics_of_Poland<\/a>.<\/p>\r\n\r\n\r\n\r\n<p><a id=\"sdfootnote3sym\" href=\"#sdfootnote3anc\">3<\/a>Zob. K. Bielawny, depopulacja i dekatolicyzacja Irlandii, \u201eStudia Elbl\u0105skie\u201d 2022, t. XXIII, s. 141-142; ten\u017ce, Depopulacja i deislamizacja Iranu, \u201eStudia Elbl\u0105skie\u201d 2023, t. XXIV, s. 103.<\/p>\r\n\r\n\r\n\r\n<p><a id=\"sdfootnote4sym\" href=\"#sdfootnote4anc\">4<\/a>Zob. K. Bielawny, Ocali\u0107 niepodleg\u0142o\u015b\u0107, Warszawa 2023, s. 209-212.<\/p>\r\n\r\n\r\n\r\n<p><a id=\"sdfootnote5sym\" href=\"#sdfootnote5anc\">5<\/a>Ibidem, s. 233-238.<\/p>\r\n\r\n\r\n\r\n<p><a id=\"sdfootnote6sym\" href=\"#sdfootnote6anc\">6<\/a>Zob. \u015alub humanistyczny, <a href=\"https:\/\/pl.wikipedia.org\/wiki\/%C5%9Alub_humanistyczny\">https:\/\/pl.wikipedia.org\/wiki\/%C5%9Alub_humanistyczny<\/a>, (dost\u0119p: 12 .11. 2023 r.)<\/p>\r\n\r\n\r\n\r\n<p><a id=\"sdfootnote7sym\" href=\"#sdfootnote7anc\">7<\/a>Zob. J. Nowak, W Polsce plaga bezbo\u017cnych, demonicznych i bezdzietnych ma\u0142\u017ce\u0144stw humanistycznych, <a href=\"https:\/\/demografia.com.pl\/demografia\/plaga-bezboznych-i-bezdzietnych-malzenstw-humanistycznych\/\">https:\/\/demografia.com.pl\/demografia\/plaga-bezboznych-i-bezdzietnych-malzenstw-humanistycznych\/<\/a>, (dost\u0119p: 24 .11. 2023 r.)<\/p>\r\n\r\n\r\n\r\n<p><a id=\"sdfootnote8sym\" href=\"#sdfootnote8anc\">8<\/a>Zob. Demographics of Poland, <a href=\"https:\/\/en.wikipedia.org\/wiki\/Demographics_of_Poland\">https:\/\/en.wikipedia.org\/wiki\/Demographics_of_Poland<\/a>.<\/p>\r\n<p>Views: 303<\/p>","protected":false},"excerpt":{"rendered":"<p>Przez stulecia Polska by\u0142a silna ko\u0142yskami. Druga po\u0142owa XIX i pierwsza XX stulecia charakteryzowa\u0142a si\u0119 boomem demograficznym. Pod koniec XIX w. w Polsce na kobiet\u0119 w wieku rozrodczym (15-49 lat) przypada\u0142o ponad 5. dzieci. Ka\u017cdego roku stan posiadania populacji m\u0142odego pokolenia Polak\u00f3w powi\u0119ksza\u0142 si\u0119 od 400 do 500 tys. Tyle nas przybywa\u0142o. Po ponad 110 &hellip; <\/p>\n<p class=\"link-more\"><a href=\"https:\/\/demografia.com.pl\/demografia\/masowa-demoralizacja-dzieci-i-mlodziezy\/polska-bez-dzieci\/\" class=\"more-link\">Czytaj dalej<span class=\"screen-reader-text\"> \u201ePolska bez ko\u0142ysek\u201d<\/span><\/a><\/p>\n","protected":false},"author":1,"featured_media":4612,"parent":1229,"menu_order":0,"comment_status":"closed","ping_status":"closed","template":"","meta":{"footnotes":""},"class_list":["post-4604","page","type-page","status-publish","has-post-thumbnail","hentry"],"_links":{"self":[{"href":"https:\/\/demografia.com.pl\/demografia\/wp-json\/wp\/v2\/pages\/4604","targetHints":{"allow":["GET"]}}],"collection":[{"href":"https:\/\/demografia.com.pl\/demografia\/wp-json\/wp\/v2\/pages"}],"about":[{"href":"https:\/\/demografia.com.pl\/demografia\/wp-json\/wp\/v2\/types\/page"}],"author":[{"embeddable":true,"href":"https:\/\/demografia.com.pl\/demografia\/wp-json\/wp\/v2\/users\/1"}],"replies":[{"embeddable":true,"href":"https:\/\/demografia.com.pl\/demografia\/wp-json\/wp\/v2\/comments?post=4604"}],"version-history":[{"count":15,"href":"https:\/\/demografia.com.pl\/demografia\/wp-json\/wp\/v2\/pages\/4604\/revisions"}],"predecessor-version":[{"id":5068,"href":"https:\/\/demografia.com.pl\/demografia\/wp-json\/wp\/v2\/pages\/4604\/revisions\/5068"}],"up":[{"embeddable":true,"href":"https:\/\/demografia.com.pl\/demografia\/wp-json\/wp\/v2\/pages\/1229"}],"wp:featuredmedia":[{"embeddable":true,"href":"https:\/\/demografia.com.pl\/demografia\/wp-json\/wp\/v2\/media\/4612"}],"wp:attachment":[{"href":"https:\/\/demografia.com.pl\/demografia\/wp-json\/wp\/v2\/media?parent=4604"}],"curies":[{"name":"wp","href":"https:\/\/api.w.org\/{rel}","templated":true}]}}