{"id":523,"date":"2022-11-04T21:03:11","date_gmt":"2022-11-04T21:03:11","guid":{"rendered":"https:\/\/demografia.com.pl\/demografia\/?page_id=523"},"modified":"2023-03-05T17:32:18","modified_gmt":"2023-03-05T17:32:18","slug":"malzenstwa-i-rozwody","status":"publish","type":"page","link":"https:\/\/demografia.com.pl\/demografia\/malzenstwa-i-rozwody\/","title":{"rendered":"Ma\u0142\u017ce\u0144stwa i rozwody"},"content":{"rendered":"\n<p>W \u015bredniowiecznej Europie ma\u0142\u017ce\u0144stwo mia\u0142o charakter religijny. Przez ponad tysi\u0105c czterysta lat w \u017cadnym cywilizowanym narodzie w Europie nie wyst\u0119powa\u0142y rozwody. A zatem kto otworzy\u0142 drog\u0119 do rozpadu ma\u0142\u017ce\u0144stwa, kto usankcjonowa\u0142 prawo rozwodowe? <a style=\"color: #ff0000;\" href=\"https:\/\/demografia.com.pl\/demografia\/zwiazki-cywilne-i-rozwody\/\">Dalej <\/a><\/p>\n<p>Views: 18<\/p>","protected":false},"excerpt":{"rendered":"<p>W \u015bredniowiecznej Europie ma\u0142\u017ce\u0144stwo mia\u0142o charakter religijny. Przez ponad tysi\u0105c czterysta lat w \u017cadnym cywilizowanym narodzie w Europie nie wyst\u0119powa\u0142y rozwody. A zatem kto otworzy\u0142 drog\u0119 do rozpadu ma\u0142\u017ce\u0144stwa, kto usankcjonowa\u0142 prawo rozwodowe? Dalej Views: 18<\/p>\n","protected":false},"author":1,"featured_media":531,"parent":0,"menu_order":0,"comment_status":"closed","ping_status":"closed","template":"","meta":{"footnotes":""},"class_list":["post-523","page","type-page","status-publish","has-post-thumbnail","hentry"],"_links":{"self":[{"href":"https:\/\/demografia.com.pl\/demografia\/wp-json\/wp\/v2\/pages\/523","targetHints":{"allow":["GET"]}}],"collection":[{"href":"https:\/\/demografia.com.pl\/demografia\/wp-json\/wp\/v2\/pages"}],"about":[{"href":"https:\/\/demografia.com.pl\/demografia\/wp-json\/wp\/v2\/types\/page"}],"author":[{"embeddable":true,"href":"https:\/\/demografia.com.pl\/demografia\/wp-json\/wp\/v2\/users\/1"}],"replies":[{"embeddable":true,"href":"https:\/\/demografia.com.pl\/demografia\/wp-json\/wp\/v2\/comments?post=523"}],"version-history":[{"count":0,"href":"https:\/\/demografia.com.pl\/demografia\/wp-json\/wp\/v2\/pages\/523\/revisions"}],"wp:featuredmedia":[{"embeddable":true,"href":"https:\/\/demografia.com.pl\/demografia\/wp-json\/"}],"wp:attachment":[{"href":"https:\/\/demografia.com.pl\/demografia\/wp-json\/wp\/v2\/media?parent=523"}],"curies":[{"name":"wp","href":"https:\/\/api.w.org\/{rel}","templated":true}]}}