{"id":5264,"date":"2025-11-27T20:12:33","date_gmt":"2025-11-27T18:12:33","guid":{"rendered":"https:\/\/demografia.com.pl\/demografia\/?page_id=5264"},"modified":"2025-12-03T15:59:17","modified_gmt":"2025-12-03T13:59:17","slug":"najwieksi-ideolodzy-cywilizacji-smierci-w-polsce","status":"publish","type":"page","link":"https:\/\/demografia.com.pl\/demografia\/najwieksi-ideolodzy-cywilizacji-smierci-w-polsce\/","title":{"rendered":"Najwi\u0119ksi ideolodzy cywilizacji \u015bmierci w Polsce"},"content":{"rendered":"\n<p>To oni doprowadzili do zapa\u015bci demograficznej i ekonomicznej w Polsce:<\/p>\n\n\n\n<ol class=\"wp-block-list\">\n<li class=\"has-medium-font-size\">Wojciech Jaruzelski &#8211; komunista<\/li>\n\n\n\n<li class=\"has-medium-font-size\">W\u0142adys\u0142aw Gomu\u0142ka &#8211; komunista<\/li>\n\n\n\n<li class=\"has-medium-font-size\">Edward Gierek &#8211; komunista<\/li>\n\n\n\n<li class=\"has-medium-font-size\">Donald Tusk &#8211; Niemiec (parszywy)<\/li>\n\n\n\n<li class=\"has-medium-font-size\">Jerzy Urban &#8211; \u017byd<\/li>\n\n\n\n<li class=\"has-medium-font-size\">Adam Michnik &#8211; \u017byd<\/li>\n\n\n\n<li class=\"has-medium-font-size\">Jerzy Owsiak &#8211; deprawator<\/li>\n\n\n\n<li class=\"has-medium-font-size\">Janusz Antoni Lewandowski &#8211; komunista <\/li>\n\n\n\n<li class=\"has-medium-font-size\">Barbara Nowacka &#8211; skrajna feministka <\/li>\n\n\n\n<li class=\"has-medium-font-size\">Mieczys\u0142aw Rakowski &#8211; komunista<\/li>\n\n\n\n<li class=\"has-medium-font-size\">Aleksander Kwa\u015bniewski &#8211; \u017byd komunistyczny<\/li>\n\n\n\n<li class=\"has-medium-font-size\">Lech Wa\u0142\u0119sa &#8211; kolaborant z komunistami<\/li>\n\n\n\n<li class=\"has-medium-font-size\">Boles\u0142aw Bierut &#8211; komunista<\/li>\n\n\n\n<li class=\"has-medium-font-size\">Stanis\u0142aw Kania &#8211; komunista<\/li>\n\n\n\n<li class=\"has-medium-font-size\">Edward Ochab &#8211; \u017byd komunistyczny<\/li>\n\n\n\n<li class=\"has-medium-font-size\">Dora (Dorota) K\u0142uszy\u0144ska &#8211; \u017byd\u00f3wka <\/li>\n\n\n\n<li class=\"has-medium-font-size\">Henryk K\u0142uszy\u0144ski Henryk, poprzednio Chaim Herstal &#8211; \u017byd <\/li>\n\n\n\n<li class=\"has-medium-font-size\">Justyna Budzi\u0144ska-Tylicka&nbsp;&#8211; skrajna feministka<\/li>\n\n\n\n<li class=\"has-medium-font-size\">Zofia Daszy\u0144ska-Goli\u0144ska &#8211; skrajna feministka<\/li>\n\n\n\n<li class=\"has-medium-font-size\">Ludwik Joachim Franciszek Krzywicki &#8211; komunista<\/li>\n\n\n\n<li class=\"has-medium-font-size\">Tadeusz Boy-\u017bele\u0144ski &#8211; libera\u0142 komunistyczny<\/li>\n\n\n\n<li class=\"has-medium-font-size\">Irena Krzywicka z domu Goldberg&nbsp;&#8211; \u017byd\u00f3wka (skandalistka)<\/li>\n\n\n\n<li class=\"has-medium-font-size\">Feliks Edmundowicz Dzier\u017cy\u0144ski&nbsp;&#8211; komunista<\/li>\n\n\n\n<li class=\"has-medium-font-size\">R\u00f3\u017ca Luksemburg &#8211; \u017byd\u00f3wka (komunistka)<\/li>\n\n\n\n<li class=\"has-medium-font-size\">J\u00f3zef Pi\u0142sudski &#8211; socjalista rewolucyjny<\/li>\n\n\n\n<li class=\"has-medium-font-size\">Stanis\u0142aw Kocio\u0142ek &#8211; komunista &#8222;Kat Tr\u00f3jmiasta&#8221;<\/li>\n\n\n\n<li class=\"has-medium-font-size\">Grzegorz Giedrys &#8211; libera\u0142 komunistyczny<\/li>\n\n\n\n<li class=\"has-medium-font-size\"><br><br><\/li>\n<\/ol>\n<p>Views: 46<\/p>","protected":false},"excerpt":{"rendered":"<p>To oni doprowadzili do zapa\u015bci demograficznej i ekonomicznej w Polsce: Views: 46<\/p>\n","protected":false},"author":1,"featured_media":5090,"parent":0,"menu_order":0,"comment_status":"closed","ping_status":"closed","template":"","meta":{"footnotes":""},"class_list":["post-5264","page","type-page","status-publish","has-post-thumbnail","hentry"],"_links":{"self":[{"href":"https:\/\/demografia.com.pl\/demografia\/wp-json\/wp\/v2\/pages\/5264","targetHints":{"allow":["GET"]}}],"collection":[{"href":"https:\/\/demografia.com.pl\/demografia\/wp-json\/wp\/v2\/pages"}],"about":[{"href":"https:\/\/demografia.com.pl\/demografia\/wp-json\/wp\/v2\/types\/page"}],"author":[{"embeddable":true,"href":"https:\/\/demografia.com.pl\/demografia\/wp-json\/wp\/v2\/users\/1"}],"replies":[{"embeddable":true,"href":"https:\/\/demografia.com.pl\/demografia\/wp-json\/wp\/v2\/comments?post=5264"}],"version-history":[{"count":4,"href":"https:\/\/demografia.com.pl\/demografia\/wp-json\/wp\/v2\/pages\/5264\/revisions"}],"predecessor-version":[{"id":5285,"href":"https:\/\/demografia.com.pl\/demografia\/wp-json\/wp\/v2\/pages\/5264\/revisions\/5285"}],"wp:featuredmedia":[{"embeddable":true,"href":"https:\/\/demografia.com.pl\/demografia\/wp-json\/wp\/v2\/media\/5090"}],"wp:attachment":[{"href":"https:\/\/demografia.com.pl\/demografia\/wp-json\/wp\/v2\/media?parent=5264"}],"curies":[{"name":"wp","href":"https:\/\/api.w.org\/{rel}","templated":true}]}}